nd x?
54
Let s = 16590 + -16557. What is the highest common divisor of s and 501?
3
Let v = -16 - -18. Suppose 6*c = -v - 10. Let r(b) = 3*b**2 + 5*b + 8. Let x be r(c). Calculate the highest common factor of 35 and x.
5
Let g = 4596 - 4476. What is the greatest common divisor of 1180 and g?
20
Let i = -5098 + 5428. Calculate the highest common divisor of i and 165.
165
Let i = 41 + -29. Suppose -2*q - i*g + 15*g + 44 = 0, 48 = 2*q - 5*g. Let u = 274 - 103. Calculate the highest common factor of u and q.
19
Suppose -110*z + 6480 = 10*z. Let t = 7 - 5. Suppose 4*m - 15 = -3*o, -3*m + t*o + o + 27 = 0. Calculate the greatest common factor of m and z.
6
Suppose -8 = -2*a + 5*c, -a - c - 3*c + 4 = 0. Let z = -4 - -13. Suppose -a*y - z = -r - 4*r, -5 = -r + 4*y. Calculate the greatest common factor of r and 5.
1
Let p be (297/44)/(54/4032). Calculate the greatest common divisor of 7644 and p.
84
Suppose l = 5*l + 16, 4*i = -l + 4. Let a = 273962 - 273884. What is the highest common divisor of a and i?
2
Let m be (1800/112 - (-4)/(-7)) + 1/(-2). Calculate the greatest common divisor of m and 2505.
15
Suppose 5*h = -2*s + 392, -h - 10*s + 8*s + 80 = 0. Suppose 270 = r - h. Calculate the greatest common factor of r and 12.
12
Let b(s) = -s**2 + 20*s + 39. Let x = -18 - -34. Let k be b(x). Let q = k + -22. Calculate the greatest common divisor of 54 and q.
27
Let i(d) = -708*d - 1579. Let b be i(-4). Calculate the greatest common factor of b and 14.
7
Suppose -8*p - 81 = -11*p. Let z be 15*-6*(-15)/p. Calculate the highest common divisor of z and 30.
10
Let g(i) be the third derivative of 3*i**4/8 - i**3/6 + 20*i**2 - 3. Let s be g(3). What is the greatest common divisor of s and 78?
26
Let l = -7627 + 7659. Calculate the highest common divisor of 484 and l.
4
Suppose -8*q = -16 - 0. Let u be ((-12)/(-15))/(q/5). What is the highest common divisor of 2 and u?
2
Suppose -87*c - 25326 = -48*c - 250*c - 258*c. Let y = 121 - 84. Suppose 7 = -5*v + y. What is the highest common factor of v and c?
6
Suppose -3*y + 101 = 4*u, -26*y + 5*u = -24*y - 98. What is the greatest common divisor of 611 and y?
13
Let f be 15 + -1 - (-3 - 159). Calculate the highest common factor of f and 473.
11
Suppose -16*v = -24*v + 1192. Let t = -138 + v. Calculate the greatest common divisor of t and 4.
1
Let n = -1328 - -1356. What is the highest common divisor of 4 and n?
4
Let b(f) = 24*f + 196. Let a be b(12). What is the highest common divisor of a and 66?
22
Let c(j) = 58*j + 68. Let r(f) = -24*f + 6. Let u be r(0). Let o be c(u). What is the greatest common divisor of o and 26?
26
Suppose -6*b - 12 = -2*b, 5*m = 3*b + 39. Let n(t) = -13*t + 9. Let j be n(-3). What is the greatest common divisor of m and j?
6
Let d = 428 - 348. Suppose -5*x = -1933 + 1033. Calculate the highest common factor of d and x.
20
Suppose -p = g - 49, 9*g + p + 61 = 10*g. Calculate the highest common divisor of g and 1705.
55
Let x = -77 + 82. Suppose -7 + 32 = x*b - y, y = 4*b - 21. Suppose 3*j - c - 22 = -5*c, -5*c - 81 = -b*j. Calculate the highest common divisor of 21 and j.
7
Suppose -3*k - 3*b + b + 26 = 0, 12 = 2*k - 4*b. Suppose 0 = -k*a + 83 - 19. Calculate the highest common factor of a and 36.
4
Let j be 529760/1960 - (-4)/(-14). What is the greatest common divisor of 864 and j?
54
Let m be 10/(-5)*138/(-4). Suppose 0 = -t + m - 61. Calculate the highest common divisor of t and 296.
8
Suppose 0 = -u - 5*v + 74, -5*v - 180 - 1474 = -26*u. Let g(d) = -d**2 + d + 16. Let h be g(0). Calculate the greatest common factor of h and u.
16
Suppose 0 = -y + 3*k - 38, 64*k - 65*k = 3*y + 134. Let g be ((-1)/(-3))/(y/(-4620)). What is the greatest common factor of 25 and g?
5
Suppose -2*x = -7*r + 3485 + 16906, 4*r + 5*x = 11609. Calculate the highest common factor of 41 and r.
41
Let v be ((-2)/4)/((-48)/(-3360)). Let u(k) = -k**2 - 39*k - 12. Let f be u(v). What is the highest common factor of 16 and f?
16
Suppose -5*i + 115 = 90. Suppose -18*x + 429 = -i*x. Calculate the highest common divisor of 165 and x.
33
Let d be 4/(-10) - (5 + 185/(-25)). Suppose -85 = -d*t + 3*h, -14*t = -15*t + 3*h + 41. What is the highest common divisor of 572 and t?
44
Let z = 30 + -139. Let r = -80 - z. Suppose 2*n = f + 5 + r, 5*n + f - 71 = 0. What is the greatest common divisor of n and 3?
3
Let t be 1 + 1 + (-14)/(-1). Suppose 14*x = 4*o + 10*x - 504, 4*x + 384 = 3*o. What is the greatest common divisor of o and t?
8
Suppose -75 = -6*i + i. Let z = 36 + i. Let b = z + -41. Calculate the highest common divisor of b and 10.
10
Let w(f) = 414*f - 1920. Let l be w(5). Calculate the highest common factor of l and 8850.
150
Suppose 0 = 8*p - 6319 - 41497. Suppose -21*j + 722 + p = 0. Let h be (-147)/(-5) + (-4)/10. Calculate the highest common factor of h and j.
29
Suppose -2*i = -8*i + 480. Suppose 4*j - 8 = i. Let l(p) = p**2 + 10*p - 42. Let s be l(-15). Calculate the highest common divisor of s and j.
11
Let r(v) = -4*v**3 - 11*v**2 - 44*v + 45. Let n be r(-5). What is the highest common factor of 6174 and n?
98
Suppose 4*a + 2*o - 2 = 18, 0 = -5*a + o + 18. Suppose 4*r = y - 192, 5*y - a*r + 5*r - 1002 = 0. Calculate the highest common factor of y and 75.
25
Suppose -4601 = 11*o - 31826. Calculate the greatest common factor of o and 18.
9
Suppose -2*n + h + 40 + 25 = 0, 4*n = -5*h + 137. Let f(z) = -21*z - 41. Let k be f(-5). Let q = k + -53. Calculate the greatest common factor of q and n.
11
Let g = -49849 - -50733. Let u be (-4)/20 - (-682)/10. What is the highest common factor of g and u?
68
Let u = 171 - 168. Let g be (68/(-8))/(u/12*-2). Calculate the highest common divisor of g and 153.
17
Let r = 8832 - 8818. What is the highest common divisor of r and 11?
1
Let x be (-419)/(-5) + (-2)/(-10). Let a = -79430 - -79451. Calculate the greatest common divisor of x and a.
21
Let v(f) = 5*f**2 - 32*f + 58. Let h be v(2). Calculate the highest common factor of 1162 and h.
14
Let x be 0/((-4)/(2 - -2)). Suppose 39 = 5*h - 3*b - 13, x = 3*h - 3*b - 36. What is the greatest common divisor of 656 and h?
8
Let y = -8989 - -24046. What is the highest common divisor of 126 and y?
63
Suppose 918*z - 18060 = 897*z. What is the highest common factor of z and 60?
20
Suppose 5*h = -5*z - 2 - 3, -5*h + 2*z + 2 = 0. Suppose -m - 39 = -2*w, -m + 51 = 3*w - h*m. What is the highest common factor of 45 and w?
9
Let p(r) = -8*r - 9. Let g(q) = q. Let t(o) = -g(o) - p(o). Let j be t(2). What is the greatest common divisor of 23 and j?
23
Let d(g) = -2*g**3 + 16*g**2 + 25*g - 114. Let v be d(8). What is the greatest common divisor of v and 559?
43
Let v(a) = 6*a**2 + 202*a + 82. Let c be v(-34). Calculate the highest common factor of c and 975.
75
Let y be (-354)/(-2655) + 2306/30. Suppose -z - 23 + 89 = 5*x, x - 26 = 3*z. Calculate the greatest common factor of y and x.
7
Let y = 3494 - 3450. Calculate the highest common factor of 484 and y.
44
Let u be 1/(-2) - (-6 + (-364)/(-8)). Let o be (816/u)/(33/(-15) + 2). Calculate the greatest common factor of o and 12.
6
Suppose 2081 = -21*v + 105*v - 10939. What is the highest common divisor of 2263 and v?
31
Suppose -9*m + 185 = -436. Suppose 40 = -m*c + 79*c. What is the greatest common factor of 56 and c?
4
Let q(j) = 19*j**3 + j**2 + 5*j + 5. Let o be q(-1). Let v be (o/7)/((24/4)/(-84)). What is the greatest common divisor of v and 132?
12
Let y(g) = 2*g**2 + 75*g + 367. Let q be y(-32). What is the greatest common factor of 1305 and q?
15
Let r be (182 - (1 + -1))*(-64)/((-1152)/36). What is the greatest common factor of r and 260?
52
Let j be ((-48)/30)/(754/(-150) + 5). Suppose -44*p = -43*p - j. What is the greatest common divisor of p and 60?
60
Suppose -m + 0*m - 5*x + 21 = 0, -x + 3 = 0. Suppose -3*i + 195 = 4*s, 3*s + i = s + 97. Let n = -30 + s. Calculate the highest common divisor of n and m.
6
Let c be (292/(-20) + 8)/(3/(-15)). What is the highest common divisor of 275 and c?
11
Let h be (-48)/(-20)*(-62275)/(-106). Calculate the greatest common factor of 36 and h.
6
Let s(h) = h**3 + 44*h**2 + 29*h - 106. Suppose -2*z - 2*z - 8 = 0, 2*j + 76 = 5*z. Let t be s(j). What is the highest common divisor of t and 16?
16
Suppose -7*r + 24 = -4*r. Let s = 54 + -53. Let m be 2